{"id":2,"date":"2025-06-10T12:23:04","date_gmt":"2025-06-10T10:23:04","guid":{"rendered":"https:\/\/wp1.zn-vision.hr\/?page_id=2"},"modified":"2025-06-10T12:23:04","modified_gmt":"2025-06-10T10:23:04","slug":"primjer-stranice","status":"publish","type":"page","link":"https:\/\/wp1.zn-vision.hr\/?page_id=2","title":{"rendered":"Primjer stranice"},"content":{"rendered":"\n<p>Ovo je primjer stranice. Razlikuje se od blog objave jer se stalno nalazi na istom mjestu i prikazat \u0107e se u izborniku va\u0161e web-stranice (u ve\u0107ini tema). Ve\u0107ina ljudi zapo\u010dinje s &#8220;O meni&#8221; stranicom koja ih predstavlja potencijalnim posjetiteljima web-stranice. Na primjer mo\u017ee sadr\u017eavati:<\/p>\n\n\n\n<blockquote class=\"wp-block-quote is-layout-flow wp-block-quote-is-layout-flow\"><p>Pozdrav! Ja sam dostavlja\u010d paketa tijekom dana, nadahnuti glumac tijekom no\u0107i i ovo je moja web-stranica. \u017divim u Vara\u017edinu, imam predobrog psa koji se zove Floki i volim pi\u00f1a colada. (I da me ponekad ulovi ki\u0161a bez ki\u0161obrana.)<\/p><\/blockquote>\n\n\n\n<p>&#8230;ili ne\u0161to poput ovoga:<\/p>\n\n\n\n<blockquote class=\"wp-block-quote is-layout-flow wp-block-quote-is-layout-flow\"><p>Tvrtka XYZ Doohickey osnovana je 1971. godine i od tada pru\u017ea kvalitetne doohickeye javnosti. Smje\u0161tena u gradu Gothamu, XYZ zapo\u0161ljava vi\u0161e od 2.000 ljudi i \u010dini sve vrste fenomenalnih stvari za zajednicu u Gothamu.<\/p><\/blockquote>\n\n\n\n<p>Kao novi WordPress korisnik, trebali biste posjetiti <a href=\"https:\/\/wp1.zn-vision.hr\/wp-admin\/\">nadzornu plo\u010du<\/a> kako biste obrisali ovu stranicu i stvorili nove stranice za svoj sadr\u017eaj. U\u017eivajte!<\/p>\n","protected":false},"excerpt":{"rendered":"<p>Ovo je primjer stranice. Razlikuje se od blog objave jer se stalno nalazi na istom mjestu i prikazat \u0107e se u izborniku va\u0161e web-stranice (u ve\u0107ini tema). Ve\u0107ina ljudi zapo\u010dinje s &#8220;O meni&#8221; stranicom koja ih predstavlja potencijalnim posjetiteljima web-stranice. Na primjer mo\u017ee sadr\u017eavati: Pozdrav! Ja sam dostavlja\u010d paketa tijekom dana, nadahnuti glumac tijekom no\u0107i [&hellip;]<\/p>\n","protected":false},"author":1,"featured_media":0,"parent":0,"menu_order":0,"comment_status":"closed","ping_status":"open","template":"","meta":{"footnotes":""},"class_list":["post-2","page","type-page","status-publish","hentry"],"_links":{"self":[{"href":"https:\/\/wp1.zn-vision.hr\/index.php?rest_route=\/wp\/v2\/pages\/2","targetHints":{"allow":["GET"]}}],"collection":[{"href":"https:\/\/wp1.zn-vision.hr\/index.php?rest_route=\/wp\/v2\/pages"}],"about":[{"href":"https:\/\/wp1.zn-vision.hr\/index.php?rest_route=\/wp\/v2\/types\/page"}],"author":[{"embeddable":true,"href":"https:\/\/wp1.zn-vision.hr\/index.php?rest_route=\/wp\/v2\/users\/1"}],"replies":[{"embeddable":true,"href":"https:\/\/wp1.zn-vision.hr\/index.php?rest_route=%2Fwp%2Fv2%2Fcomments&post=2"}],"version-history":[{"count":0,"href":"https:\/\/wp1.zn-vision.hr\/index.php?rest_route=\/wp\/v2\/pages\/2\/revisions"}],"wp:attachment":[{"href":"https:\/\/wp1.zn-vision.hr\/index.php?rest_route=%2Fwp%2Fv2%2Fmedia&parent=2"}],"curies":[{"name":"wp","href":"https:\/\/api.w.org\/{rel}","templated":true}]}}